{"id":2432,"date":"2026-02-05T17:53:36","date_gmt":"2026-02-05T17:53:36","guid":{"rendered":"https:\/\/estudiodemaquilhagem.com\/estudiocollective\/?post_type=artigos&#038;p=2432"},"modified":"2026-03-26T17:41:06","modified_gmt":"2026-03-26T17:41:06","slug":"14o-aniversario-do-estudio-de-maquilhagem-makeup-school","status":"publish","type":"artigos","link":"https:\/\/estudiodemaquilhagem.com\/estudiocollective\/artigos\/14o-aniversario-do-estudio-de-maquilhagem-makeup-school\/","title":{"rendered":"14\u00ba Anivers\u00e1rio do Est\u00fadio de Maquilhagem Makeup School &amp; Beauty Lounge"},"content":{"rendered":"\n<h2 class=\"wp-block-heading\">14\u00ba Anivers\u00e1rio<\/h2>\n\n\n\n<p>Em julho, o Est\u00fadio de Maquilhagem\u00a9 celebrou 14 anos de hist\u00f3ria, dedica\u00e7\u00e3o e impacto no mundo da beleza. Foi um dia inesquec\u00edvel, marcado por partilha, aprendizagem e, acima de tudo, comunidade.<\/p>\n\n\n\n<p>Durante este anivers\u00e1rio, lan\u00e7\u00e1mos o <strong>Giveaway especial<\/strong> com o pr\u00e9-lan\u00e7amento do nosso <strong>Curso de Maquilhagem Online<\/strong> e produtos exclusivos da <strong>Sensilis<\/strong>, refor\u00e7ando o nosso compromisso em levar educa\u00e7\u00e3o e inspira\u00e7\u00e3o a cada vez mais alunas.<\/p>\n\n\n\n<p>O evento contou com a participa\u00e7\u00e3o de <strong>alunas, formadoras e parceiras de marcas<\/strong> que caminham connosco nesta jornada. Desde cocktails tem\u00e1ticos como o <em>Blush Tonic<\/em> e o <em>Sunset Glow<\/em>, at\u00e9 \u00e0 Masterclass exclusiva com presentes personalizados, gift bags e sorteios, cada detalhe foi pensado para criar mem\u00f3rias \u00fanicas.<\/p>\n\n\n\n<p>O look da Masterclass, desenhado pela nossa coordenadora art\u00edstica e executado pela equipa de formadores, mostrou o talento e a criatividade que definem a nossa escola.<\/p>\n\n\n\n<p>Um agradecimento especial \u00e0s marcas parceiras, como <strong>Bl\u00fcmi Studio, Andreia Professional e Sensilis Portugal<\/strong>, que ajudaram a transformar este dia num verdadeiro marco.<\/p>\n\n\n\n<p>Celebrar 14 anos \u00e9 muito mais do que apagar velas. \u00c9 olhar para tr\u00e1s com orgulho, ver a evolu\u00e7\u00e3o de centenas de alunas e projetar o futuro da maquilhagem profissional com ainda mais for\u00e7a e brilho.<\/p>\n\n\n\n<figure class=\"wp-block-image size-large\"><img fetchpriority=\"high\" decoding=\"async\" width=\"819\" height=\"1024\" src=\"https:\/\/estudiodemaquilhagem.com\/estudiocollective\/wp-content\/uploads\/2026\/02\/equipa-2025-819x1024.jpg\" alt=\"\" class=\"wp-image-2433\" srcset=\"https:\/\/estudiodemaquilhagem.com\/estudiocollective\/wp-content\/uploads\/2026\/02\/equipa-2025-819x1024.jpg 819w, https:\/\/estudiodemaquilhagem.com\/estudiocollective\/wp-content\/uploads\/2026\/02\/equipa-2025-240x300.jpg 240w, https:\/\/estudiodemaquilhagem.com\/estudiocollective\/wp-content\/uploads\/2026\/02\/equipa-2025-768x961.jpg 768w, https:\/\/estudiodemaquilhagem.com\/estudiocollective\/wp-content\/uploads\/2026\/02\/equipa-2025-1228x1536.jpg 1228w, https:\/\/estudiodemaquilhagem.com\/estudiocollective\/wp-content\/uploads\/2026\/02\/equipa-2025.jpg 1440w\" sizes=\"(max-width: 819px) 100vw, 819px\" \/><\/figure>\n","protected":false},"excerpt":{"rendered":"<p>Celebrar 14 anos \u00e9 celebrar a paix\u00e3o, a evolu\u00e7\u00e3o e a confian\u00e7a que tantas mulheres depositaram em n\u00f3s.<\/p>\n","protected":false},"author":5,"featured_media":2462,"menu_order":0,"template":"","format":"standard","meta":{"_jf_limit_responses":"","footnotes":""},"tags":[],"access-manager":[26],"tipo-artigo":[49,42],"class_list":["post-2432","artigos","type-artigos","status-publish","format-standard","has-post-thumbnail","hentry","access-manager-public-page","tipo-artigo-comunidade","tipo-artigo-portefolio"],"_links":{"self":[{"href":"https:\/\/estudiodemaquilhagem.com\/estudiocollective\/wp-json\/wp\/v2\/artigos\/2432","targetHints":{"allow":["GET"]}}],"collection":[{"href":"https:\/\/estudiodemaquilhagem.com\/estudiocollective\/wp-json\/wp\/v2\/artigos"}],"about":[{"href":"https:\/\/estudiodemaquilhagem.com\/estudiocollective\/wp-json\/wp\/v2\/types\/artigos"}],"author":[{"embeddable":true,"href":"https:\/\/estudiodemaquilhagem.com\/estudiocollective\/wp-json\/wp\/v2\/users\/5"}],"version-history":[{"count":4,"href":"https:\/\/estudiodemaquilhagem.com\/estudiocollective\/wp-json\/wp\/v2\/artigos\/2432\/revisions"}],"predecessor-version":[{"id":2463,"href":"https:\/\/estudiodemaquilhagem.com\/estudiocollective\/wp-json\/wp\/v2\/artigos\/2432\/revisions\/2463"}],"wp:featuredmedia":[{"embeddable":true,"href":"https:\/\/estudiodemaquilhagem.com\/estudiocollective\/wp-json\/wp\/v2\/media\/2462"}],"wp:attachment":[{"href":"https:\/\/estudiodemaquilhagem.com\/estudiocollective\/wp-json\/wp\/v2\/media?parent=2432"}],"wp:term":[{"taxonomy":"tags","embeddable":true,"href":"https:\/\/estudiodemaquilhagem.com\/estudiocollective\/wp-json\/wp\/v2\/tags?post=2432"},{"taxonomy":"access-manager","embeddable":true,"href":"https:\/\/estudiodemaquilhagem.com\/estudiocollective\/wp-json\/wp\/v2\/access-manager?post=2432"},{"taxonomy":"tipo-artigo","embeddable":true,"href":"https:\/\/estudiodemaquilhagem.com\/estudiocollective\/wp-json\/wp\/v2\/tipo-artigo?post=2432"}],"curies":[{"name":"wp","href":"https:\/\/api.w.org\/{rel}","templated":true}]}}

14º Aniversário do Estúdio de Maquilhagem Makeup School &amp; Beauty Lounge

<h2 class="wp-block-heading">14º Aniversário</h2>



<p>Em julho, o Estúdio de Maquilhagem© celebrou 14 anos de história, dedicação e impacto no mundo da beleza. Foi um dia inesquecível, marcado por partilha, aprendizagem e, acima de tudo, comunidade.</p>



<p>Durante este aniversário, lançámos o <strong>Giveaway especial</strong> com o pré-lançamento do nosso <strong>Curso de Maquilhagem Online</strong> e produtos exclusivos da <strong>Sensilis</strong>, reforçando o nosso compromisso em levar educação e inspiração a cada vez mais alunas.</p>



<p>O evento contou com a participação de <strong>alunas, formadoras e parceiras de marcas</strong> que caminham connosco nesta jornada. Desde cocktails temáticos como o <em>Blush Tonic</em> e o <em>Sunset Glow</em>, até à Masterclass exclusiva com presentes personalizados, gift bags e sorteios, cada detalhe foi pensado para criar memórias únicas.</p>



<p>O look da Masterclass, desenhado pela nossa coordenadora artística e executado pela equipa de formadores, mostrou o talento e a criatividade que definem a nossa escola.</p>



<p>Um agradecimento especial às marcas parceiras, como <strong>Blümi Studio, Andreia Professional e Sensilis Portugal</strong>, que ajudaram a transformar este dia num verdadeiro marco.</p>



<p>Celebrar 14 anos é muito mais do que apagar velas. É olhar para trás com orgulho, ver a evolução de centenas de alunas e projetar o futuro da maquilhagem profissional com ainda mais força e brilho.</p>



<figure class="wp-block-image size-large"><img fetchpriority="high" decoding="async" width="819" height="1024" src="https://estudiodemaquilhagem.com/estudiocollective/wp-content/uploads/2026/02/equipa-2025-819x1024.jpg" alt="" class="wp-image-2433" srcset="https://estudiodemaquilhagem.com/estudiocollective/wp-content/uploads/2026/02/equipa-2025-819x1024.jpg 819w, https://estudiodemaquilhagem.com/estudiocollective/wp-content/uploads/2026/02/equipa-2025-240x300.jpg 240w, https://estudiodemaquilhagem.com/estudiocollective/wp-content/uploads/2026/02/equipa-2025-768x961.jpg 768w, https://estudiodemaquilhagem.com/estudiocollective/wp-content/uploads/2026/02/equipa-2025-1228x1536.jpg 1228w, https://estudiodemaquilhagem.com/estudiocollective/wp-content/uploads/2026/02/equipa-2025.jpg 1440w" sizes="(max-width: 819px) 100vw, 819px" /></figure>

<p>Celebrar 14 anos é celebrar a paixão, a evolução e a confiança que tantas mulheres depositaram em nós.</p>
